Determine m(0).
427
Let w(f) = 4*f**2 - 1159*f - 36996. Calculate w(-29).
-21
Let u(i) = 8*i**3 - 171*i**2 + 49*i + 294. Give u(21).
0
Let x(w) = 203*w + 7565. Calculate x(-39).
-352
Let w(p) = -65*p + 4834. What is w(63)?
739
Let a(r) = 44691*r - 357837. What is a(8)?
-309
Let w(k) = k**2 + 50*k - 725. Give w(-56).
-389
Let a(p) = 3*p**2 - 4988*p - 24929. Determine a(-5).
86
Let s(w) = -7102*w - 220046. What is s(-31)?
116
Let a(l) = 5*l**2 + 997*l + 35373. Calculate a(-47).
-441
Let w(n) = n**3 + 58*n**2 - 1558*n + 161. Calculate w(-78).
5
Let j(g) = -11*g**2 - 332*g + 3769. Give j(-39).
-14
Let v(m) = 57*m**2 + 575*m + 58. Calculate v(-10).
8
Let f(o) = 2*o**2 + 434*o + 6689. Give f(-199).
-475
Let f(v) = v**3 + 2876*v**2 + 28661*v + 23. What is f(-10)?
13
Let r(y) = 3*y**2 + 229*y - 40711. Calculate r(-160).
-551
Let z(r) = -118638*r + 237215. Give z(2).
-61
Let k(i) = -43*i + 6028. What is k(141)?
-35
Let j(w) = 5893*w - 288764. Determine j(49).
-7
Let o(g) = 226*g + 8536. What is o(-45)?
-1634
Let n(i) = 43*i + 3667. What is n(-86)?
-31
Let a(s) = 56*s**2 + 20*s + 66. Give a(-3).
510
Let v(b) = -12*b**2 + 380*b + 2280. What is v(-6)?
-432
Let x(z) = 4*z**2 + 11397*z + 113586. Calculate x(-10).
16
Let t(k) = 2*k**3 - 5*k**2 - 1119*k + 13626. Calculate t(12).
2934
Let r(w) = -68212*w + 67833. Give r(1).
-379
Let k(c) = 4*c**2 - 57*c - 473. Calculate k(-6).
13
Let s(o) = -o**2 - 6541*o + 336164. What is s(51)?
-28
Let a(o) = o**3 - 25*o**2 + 38*o + 25. Determine a(24).
361
Let i(a) = 6*a**2 - 1150*a - 1011. Determine i(193).
533
Let p(l) = 6*l**2 - 671*l - 20567. Calculate p(-25).
-42
Let j(b) = 8005*b + 336211. Determine j(-42).
1
Let a(p) = 29*p**3 + 687*p**2 + 1368*p - 2. What is a(-2)?
-222
Let t(j) = -14384*j + 143898. What is t(10)?
58
Let x(y) = -4*y**3 + 97*y**2 + 48*y - 1701. Determine x(24).
27
Let z(q) = -7*q**2 - 519*q - 12964. Give z(-25).
-4364
Let q(v) = 1173*v**2 - 10595*v + 365. What is q(9)?
23
Let k(o) = 1107*o + 151673. Determine k(-137).
14
Let o(z) = 3*z**3 - 1082*z**2 + 4290*z - 34. Calculate o(4).
6
Let f(b) = 102*b**2 - 1806*b + 3620. Calculate f(2).
416
Let w(x) = -1520*x + 7557. Determine w(5).
-43
Let k(g) = g**2 + 109*g - 6477. What is k(-152)?
59
Let m(b) = -b**2 - 121*b + 464887. Calculate m(624).
7
Let b(j) = 666606*j - 8665915. Give b(13).
-37
Let l(o) = 20637*o + 227004. Calculate l(-11).
-3
Let r(c) = 903*c + 1521536. Determine r(-1685).
-19
Let p(f) = 2*f**3 - 2349*f**2 + 16330*f + 126. Calculate p(7).
21
Let g(y) = -y**3 + 28*y**2 - 60*y + 3261. Determine g(31).
-1482
Let d(v) = v**2 - 81*v - 25421. Give d(205).
-1
Let d(m) = -m**3 + 116*m**2 + 2228*m - 15322. Calculate d(132).
-10
Let h(m) = 4*m**2 - 121*m - 302. What is h(38)?
876
Let i(q) = 9*q**3 - 405*q**2 + 41*q - 1857. What is i(45)?
-12
Let v(b) = b**3 + 387*b**2 - 65*b - 25243. Give v(-387).
-88
Let k(x) = 10364*x + 176039. Determine k(-17).
-149
Let s(a) = 4*a**3 + 8*a**2 + 165*a - 837. Give s(4).
207
Let x(a) = -700*a - 99598. What is x(-140)?
-1598
Let f(m) = -13*m**3 - m**2 - 107*m + 325. Calculate f(4).
-951
Let x(n) = 105760*n - 529236. Calculate x(5).
-436
Let y(z) = -26808*z + 187635. Calculate y(7).
-21
Let c(u) = -98*u**3 - 391*u**2 - 24*u - 66. What is c(-4)?
46
Let r(h) = 245*h + 13699. Calculate r(-39).
4144
Let j(l) = 714009*l + 6. Determine j(0).
6
Let f(t) = 704*t**2 - 3459*t - 232. Determine f(5).
73
Let z(i) = i**3 + 2*i**2 + 36*i - 63. Give z(4).
177
Let r(g) = 3491*g - 31399. Calculate r(9).
20
Let c(x) = 49574*x - 297657. What is c(6)?
-213
Let k(b) = -b**2 + 104692*b + 1780050. Calculate k(-17).
-3
Let z(o) = -2*o**3 + 401*o**2 - 939*o - 10102. Calculate z(198).
-4
Let m(o) = -62*o**3 + 7131*o**2 - 116*o + 106. Give m(115).
-9
Let b(o) = -7*o**3 + 457*o**2 - 135*o + 343. What is b(65)?
18
Let t(m) = 366*m + 5117. Calculate t(-13).
359
Let f(h) = -36*h**2 + 11221*h + 37520. Calculate f(315).
35
Let x(g) = g**3 - 67*g**2 + 9*g + 2946. What is x(66)?
-816
Let z(w) = 13684*w + 792823. Determine z(-58).
-849
Let j(d) = 6*d**2 - 1646*d + 6499. Calculate j(4).
11
Let p(q) = -q**2 - 722623*q + 7226333. Determine p(10).
3
Let r(w) = 6*w**2 + 338*w + 427. Determine r(-55).
-13
Let y(x) = -x**3 - 680*x**2 + 5543*x - 68. Give y(8).
244
Let i(k) = 5*k**3 + 69*k**2 - 346*k - 4. Determine i(4).
36
Let j(t) = -2*t**3 + 38*t**2 + 1522*t - 23248. Give j(14).
20
Let v(u) = 2*u**2 + 94*u - 555. What is v(-53)?
81
Let h(a) = 3*a**3 + 48*a**2 + 102*a + 2. Give h(-3).
47
Let g(j) = -21917*j - 241103. What is g(-11)?
-16
Let k(v) = 58422*v - 233205. What is k(4)?
483
Let d(k) = 3522*k - 468432. What is d(133)?
-6
Let w(g) = 2142*g + 445542. Determine w(-208).
6
Let n(u) = u**3 + 246*u**2 + 2123*u - 2442. What is n(-237)?
-72
Let r(k) = -2*k**2 + 3696*k - 18420. What is r(5)?
10
Let p(j) = -4*j**2 + 1728*j - 71038. Calculate p(46).
-14
Let n(c) = -138066*c + 4418039. What is n(32)?
-73
Let k(v) = 49*v - 3792. Determine k(65).
-607
Let i(j) = -j**3 - 19*j**2 - 22*j - 662. Give i(-20).
178
Let l(z) = -140*z - 1213. Determine l(3).
-1633
Let o(p) = -4924*p - 305335. Determine o(-62).
-47
Let g(p) = 4*p**3 - 480*p**2 + 256*p - 30724. Determine g(120).
-4
Let p(f) = -21*f**2 - 2755*f - 77667. Calculate p(-41).
-13
Let w(k) = -1390*k**3 + 96*k**2 - 94*k - 4. Determine w(1).
-1392
Let h(m) = -186752*m - 2241037. Calculate h(-12).
-13
Let w(b) = b**2 + 39*b - 351. What is w(-37)?
-425
Let d(n) = -n**2 - 704*n - 92534. Calculate d(-175).
41
Let t(w) = 18067*w - 28383256. Determine t(1571).
1
Let q(h) = -4752*h - 90313. Give q(-19).
-25
Let d(c) = -c**3 + 65*c**2 - 400*c - 3565. Give d(13).
23
Let a(n) = -n + 20. Give a(-36).
56
Let q(l) = -231599*l - 56510155. Calculate q(-244).
1
Let n(g) = 25*g**2 - 153*g + 55. Calculate n(13).
2291
Let k(j) = -2*j**3 + 325*j**2 + 827*j - 480. What is k(165)?
-150
Let s(l) = -3*l**3 - 9*l**2 + 121*l - 59. What is s(-14)?
4715
Let z(l) = 1273*l + 1075679. What is z(-845)?
-6
Let r(k) = -k**3 - 8*k**2 + 441*k + 3542. What is r(-9)?
-346
Let v(p) = 6*p**3 + 493*p**2 + 72*p + 86. Determine v(-82).
906
Let d(l) = l**3 + 483*l**2 - 114316*l - 336. Determine d(174).
12
Let w(q) = -902*q + 164428. Determine w(182).
264
Let b(r) = -20991*r - 944885. What is b(-45)?
-290
Let z(s) = s**2 + 19856*s - 576484. Determine z(29).
181
Let b(j) = -267*j + 12552. What is b(47)?
3
Let t(o) = 3*o**3 + 15*o**2 + 161*o + 962. What is t(-6)?
-112
Let h(a) = -2*a**3 - 58*a**2 + 774*a + 43. What is h(10)?
-17
Let i(t) = 128*t**2 + 788*t + 3151. Calculate i(-4).
2047
Let n(c) = -34*c**3 - 293*c**2 + 40*c + 1666. Calculate n(-8).
2
Let n(a) = -100*a**3 - 48*a**2 + 45*a + 5. Determine n(1).
-98
Let a(o) = -o**3 - 40*o**2 - 269*o - 677. Give a(-32).
-261
Let r(n) = n**2 - 189*n + 3951. Calculate r(19).
721
Let o(b) = b**2 - 618*b + 29394. Calculate o(52).
-38
Let l(m) = m**3 + 57*m**2 + 354*m + 23901. Determine l(-58).
5
Let p(r) = 959*r - 116015. Calculate p(121).
24
Let s(r) = r**2 + 774*r - 6101. Calculate s(8).
155
Let r(a) = 754*a**3 - 1511*a**2 - 43*a + 84. Calculate r(2).
-14
Let i(n) = 253110*n + 4. Calculate i(0).
4
Let o(a) = -23001*a + 621058. What is o(27)?
31
Let z(d) = -220*d - 13214. Calculate z(-60).
-14
Let j(b) = -514250*b + 3085499. Calculate j(6).
-1
Let g(k) = 205926*k - 1441495. Calculate g(7).
-13
Let l(p) = -8*p**3 - 5*p**2 + 12*p - 150. Determine l(0).
-150
Let s(i) = -28136*i - 28139. Give s(-1).
-3
Let c(v) = 16394*v + 81931. Calculate c(-5).
-39
Let w(g) = 7*g**3 + 92*g**2 - 136*g - 1954. Calculate w(-13).
-17
Let j(f) = -2701*f**2 + 18895*f + 80. Determine j(7).
-4
Let z(f) = f**3 - 213*f**2 + 6316*f - 2991. Determine z(35).
19
Let y(x) = 30835*x - 370019. Give y(12).
1
Let w(h) = -h**3 + 4*h**2 + 79*h - 12. Determine w(0).
-12
Let p(a) = -a**3 - 257*a**2 + 30*a + 7539. Determine p(-257).
-171
Let u(y) = -y**3 + 301*y**2 + 15542*y + 9669. What is u(346)?
-19
Let z(s) = s**2 + 3763*s + 715960. Calculate z(-201).
-2
Let a(m) = 5*m**2 + 203*m - 108. What is a(10)?
2422
Let t(g) = 66*g**2 + 10563*g + 21128. Determine t(-2).
266
Let d(t) = 10*t**3 - 111*t**2 - 2*t + 65. Calculate d(11).
-78
Let k(d) = -21*d - 110. Calculate k(67).
-1517
Let f(z) = -2*z**3 - 33*z**2 - 160*z + 192. What is f(1)?
-3
Let l(x) = -8*x**2 + 52*x +